{"id":24,"date":"2025-11-28T14:58:31","date_gmt":"2025-11-28T14:58:31","guid":{"rendered":"http:\/\/fabienlegay.fr\/?page_id=24"},"modified":"2025-11-28T16:00:04","modified_gmt":"2025-11-28T16:00:04","slug":"__trashed-3","status":"publish","type":"page","link":"https:\/\/fabienlegay.fr\/","title":{"rendered":""},"content":{"rendered":"\n<div class=\"wp-block-cover alignfull is-light has-contrast-color has-text-color has-link-color wp-elements-e690348cdeab9a4efc3f629685a49e19\" style=\"margin-top:0;margin-bottom:0;padding-top:var(--wp--preset--spacing--60);padding-right:var(--wp--preset--spacing--50);padding-bottom:var(--wp--preset--spacing--60);padding-left:var(--wp--preset--spacing--50)\"><span aria-hidden=\"true\" class=\"wp-block-cover__background has-base-background-color has-background-dim-100 has-background-dim\"><\/span><div class=\"wp-block-cover__inner-container has-global-padding is-layout-constrained wp-container-core-cover-is-layout-873ee6b1 wp-block-cover-is-layout-constrained\">\n<div class=\"wp-block-columns alignwide is-layout-flex wp-container-core-columns-is-layout-7ee84d44 wp-block-columns-is-layout-flex\">\n<div class=\"wp-block-column is-layout-flow wp-block-column-is-layout-flow\" style=\"flex-basis:65%\">\n<div class=\"wp-block-group is-vertical is-content-justification-stretch is-layout-flex wp-container-core-group-is-layout-353c4f5a wp-block-group-is-layout-flex\">\n<h2 class=\"wp-block-heading has-text-align-left\" style=\"font-size:clamp(5.174rem, 5.174rem + ((1vw - 0.2rem) * 10.707), 12rem);font-style:normal;font-weight:300;letter-spacing:-0.03em;line-height:1.4\">Fabien LEGAY,<\/h2>\n\n\n\n<p class=\"has-text-align-left is-style-text-subtitle has-medium-font-size is-style-text-subtitle--1\">Photographe et auteur bas\u00e9 dans les Ardennes, dipl\u00f4m\u00e9 en organisation et ma\u00eetrise de projets avec une exp\u00e9rience en architecture, Fabien Legay d\u00e9veloppe depuis pr\u00e8s de vingt  ans un travail \u00e0 la crois\u00e9e de la photographie documentaire et de la cr\u00e9ation plastique. <\/p>\n\n\n\n<p class=\"has-text-align-left has-medium-font-size\">Ses images interrogent les paysages habit\u00e9s, les m\u00e9moires collectives, les identit\u00e9s en mouvement et les h\u00e9ritages industriels.<br>Il explore aussi bien les territoires proches \u2014 la vall\u00e9e de la Meuse, les friches ardennaises, les paysages du littoral \u2014 que des espaces plus lointains, comme le fleuve Irrawaddy en Birmanie.<\/p>\n\n\n\n<p class=\"has-text-align-left is-style-text-subtitle has-medium-font-size is-style-text-subtitle--2\">Son travail m\u00eale proc\u00e9d\u00e9s argentiques et outils num\u00e9riques, privil\u00e9giant une approche attentive au temps long, aux gestes, aux traces laiss\u00e9es par les activit\u00e9s humaines et aux mutations sociales.<br>Il construit, projet apr\u00e8s projet, une \u0153uvre qui lie observation sensible, attention aux vies ordinaires et r\u00e9flexion sur les transformations contemporaines.<\/p>\n<\/div>\n<\/div>\n\n\n\n<div class=\"wp-block-column is-layout-flow wp-block-column-is-layout-flow\" style=\"flex-basis:35%\">\n<div class=\"wp-block-group is-vertical is-content-justification-stretch is-nowrap is-layout-flex wp-container-core-group-is-layout-73b0033c wp-block-group-is-layout-flex\">\n<figure class=\"wp-block-image size-full is-resized\"><img loading=\"lazy\" decoding=\"async\" width=\"420\" height=\"414\" src=\"http:\/\/fabienlegay.fr\/wp-content\/uploads\/2025\/11\/visu1000-1.jpg\" alt=\"\" class=\"wp-image-71\" style=\"aspect-ratio:0.75;object-fit:cover;width:419px;height:auto\" srcset=\"https:\/\/fabienlegay.fr\/wp-content\/uploads\/2025\/11\/visu1000-1.jpg 420w, https:\/\/fabienlegay.fr\/wp-content\/uploads\/2025\/11\/visu1000-1-300x296.jpg 300w\" sizes=\"auto, (max-width: 420px) 100vw, 420px\" \/><\/figure>\n\n\n\n<p class=\"has-text-align-right has-x-large-font-size\"><a href=\"http:\/\/fabienlegay.fr\/wp-content\/uploads\/2025\/11\/folio-legay-2025-web.pdf\">Portfolio<\/a><\/p>\n<\/div>\n<\/div>\n<\/div>\n<\/div><\/div>\n","protected":false},"excerpt":{"rendered":"","protected":false},"author":1,"featured_media":0,"parent":0,"menu_order":0,"comment_status":"closed","ping_status":"closed","template":"","meta":{"footnotes":""},"class_list":["post-24","page","type-page","status-publish","hentry"],"_links":{"self":[{"href":"https:\/\/fabienlegay.fr\/index.php\/wp-json\/wp\/v2\/pages\/24","targetHints":{"allow":["GET"]}}],"collection":[{"href":"https:\/\/fabienlegay.fr\/index.php\/wp-json\/wp\/v2\/pages"}],"about":[{"href":"https:\/\/fabienlegay.fr\/index.php\/wp-json\/wp\/v2\/types\/page"}],"author":[{"embeddable":true,"href":"https:\/\/fabienlegay.fr\/index.php\/wp-json\/wp\/v2\/users\/1"}],"replies":[{"embeddable":true,"href":"https:\/\/fabienlegay.fr\/index.php\/wp-json\/wp\/v2\/comments?post=24"}],"version-history":[{"count":21,"href":"https:\/\/fabienlegay.fr\/index.php\/wp-json\/wp\/v2\/pages\/24\/revisions"}],"predecessor-version":[{"id":76,"href":"https:\/\/fabienlegay.fr\/index.php\/wp-json\/wp\/v2\/pages\/24\/revisions\/76"}],"wp:attachment":[{"href":"https:\/\/fabienlegay.fr\/index.php\/wp-json\/wp\/v2\/media?parent=24"}],"curies":[{"name":"wp","href":"https:\/\/api.w.org\/{rel}","templated":true}]}}